et u be (45/i)/(2/(-8)). List the prime factors of u*(-7)/(21/2).
2, 3, 5
Suppose -c + 2*k = c - 52, -c - 5*k + 8 = 0. Suppose -c*x + 4032 = x. What are the prime factors of x?
2, 3, 7
Let b = -42 + 77. Suppose 15 = -5*k + b. Suppose -2*x - 129 = -4*o + 217, k*x + 4 = 0. List the prime factors of o.
2, 43
Let t = -906 - -913. Suppose -5*k - 3333 = -4*a - 0*a, -5*k + 2456 = 3*a. Suppose -t*y + 2710 = a. List the prime factors of y.
269
What are the prime factors of (-168)/126*13626/(-4)?
2, 3, 757
Let k = -81 - -141. What are the prime factors of (-4348)/(-3) - k/(-90)?
2, 5, 29
Let q be 1630/(-35) + (-32)/(-56). List the prime factors of ((-550)/(-3))/(q/(-69)).
5, 11
Let f = -33 + 31. Let w(l) = -8*l - 36. Let g(q) = -15*q - 73. Let n(r) = f*g(r) + 5*w(r). What are the prime factors of n(-6)?
2, 13
Suppose -8 = 5*t - 28. Let b be t - (2 + 90)/2. List the prime factors of 2 - 4 - -3 - b.
43
Let f(j) = -j**2 + 8*j. Suppose c = 10 - 1. Let h be f(c). Let r(t) = -t + 13. List the prime factors of r(h).
2, 11
Let p(d) = -d**2 + 139. Let g = 175 - 175. What are the prime factors of p(g)?
139
Let j(c) = 2*c**2 - 12*c - 2. Let l = -162 - -150. What are the prime factors of j(l)?
2, 5, 43
Suppose 4*z + 0*z - 12 = 0. Let i be (z/5)/((-10)/(-150)). Suppose 50 = -7*y + i*y. List the prime factors of y.
5
Let j = -18 - -21. Suppose -j*b = -744 - 108. Suppose -384 = -4*o + 4*p, 3*o - b = -0*p - p. List the prime factors of o.
5, 19
Let h = 39 + -27. Suppose 0 = l + 2*l - h. Suppose 0 = 5*r, 2*c + l*r - 32 = 7*r. What are the prime factors of c?
2
Suppose 5*s = -66 + 241. Suppose 0 = -s*h + 49*h - 4172. List the prime factors of h.
2, 149
Suppose 0 = -5*c + i - 6*i + 30, 5*i + 2 = 3*c. Suppose c*f - 3*f - 533 = 0. List the prime factors of f.
13, 41
Let p be 0/(-3) - -2 - 16. Let s(l) = -l**3 + 8*l**2 - 5*l + 36. Let o be s(8). What are the prime factors of (o - 200/(-35))*p/(-4)?
2, 3
Let y be (-1 + 3/6)/((-3)/2484). Suppose -5*j + 10*j = k + y, -4*j = -4*k - 328. List the prime factors of j.
83
Suppose -5*w = 2*d + 1629, -4*d = w - 6*d + 333. Let j = 81 - w. List the prime factors of j.
2, 3, 17
Let t(f) = 2024*f + 3437. List the prime factors of t(12).
5, 1109
Let r = -7 + 11. Suppose r*h - 5*w = -501, 2*h + 2*w = -2*h - 522. Let q = -9 - h. What are the prime factors of q?
2, 3, 5
Let s(n) be the first derivative of -2*n**2 - 2*n - 1. Let p be s(-7). Let f = 45 - p. What are the prime factors of f?
19
Suppose -5*o = -7*o + 296. Let l = o + -232. Let r = l + 86. List the prime factors of r.
2
Let t = 2731 + -1797. List the prime factors of t.
2, 467
Let x = -78 - -74. Let j(a) = a**2 + 3*a - 1. Let r be j(x). Suppose 3*p + r*b = 63, p + 2*p - 67 = -2*b. List the prime factors of p.
5
Suppose x + 2*x = 4*d + 5, 2*d + 1 = x. Suppose -3*r = -x*o + 135, 2*o - 182 = -2*o + 2*r. Suppose -k + 20 = -o. List the prime factors of k.
2, 3, 11
Let u be 70/14 - (1 - -2). Suppose 2*m - 3 = -u*b - 9, -26 = -3*b + 4*m. Suppose 128 = 5*x - d, -4*x = x + b*d - 134. List the prime factors of x.
2, 13
Let p = 32 - 27. Suppose -p*b - 4*a = -65, -2*b - 4*a + 26 = -2*a. Let x(s) = s**3 - 15*s**2 + 29*s + 10. What are the prime factors of x(b)?
7
Suppose 5*f + 9 = 19. Suppose 3*q = -v + 764, 0 = -v - f*v + 2*q + 2303. What are the prime factors of v?
13, 59
Let w(r) = 21*r**3 + 5*r**2 - 4*r - 41. List the prime factors of w(5).
2689
Let y be 0 - (0 - (0 + 1)). Suppose -y = p, -m - 4 = 5*p - 1. List the prime factors of 0 - m - (-3 - -6 - 147).
2, 71
List the prime factors of (0 + 1)*-1 + 15790900/950.
11, 1511
Let w(u) be the second derivative of -5*u + 0 + 0*u**3 + 69/20*u**5 + 1/2*u**2 - 1/6*u**4. What are the prime factors of w(1)?
2, 17
Let h(d) = -3*d**2 + 3*d - 53. Let f(i) = i**2 - i + 26. Let b(r) = -5*f(r) - 2*h(r). List the prime factors of b(-18).
2, 3, 53
Let x = -731 + 743. Suppose -20535 = -x*l - 3*l. What are the prime factors of l?
37
Let i(l) = 3*l**2 - 6*l + 101. Let m(q) = q**2 - q + 1. Let b(f) = i(f) - 6*m(f). List the prime factors of b(0).
5, 19
Let q = 91770 - 55332. List the prime factors of q.
2, 3, 6073
Let a = -2175 + 2767. List the prime factors of a.
2, 37
Let y be ((-189)/18 + 4)*(1 + 49). Let m = 125 - y. List the prime factors of m.
2, 3, 5
Suppose -993*m - 157872 = -1016*m. What are the prime factors of m?
2, 3, 11, 13
Suppose 5*q + 5*t = 10*t + 129255, -5*q + 4*t = -129259. What are the prime factors of q?
5, 5171
Let t(h) = 70*h**2 - 4*h - 6. Let p(u) = -u + 24. Let w be p(22). What are the prime factors of t(w)?
2, 7, 19
Suppose -5*v + 359 = 3*r, 3*r - 335 = -0*r + v. Let a be 18 - (84/(-12) - -1). Let x = a + r. What are the prime factors of x?
137
Let h(n) = 12 - 20*n + 6*n + 11*n. Let o be h(-3). Suppose 0 = -19*f + o*f - 446. List the prime factors of f.
223
Let r(d) = -6017*d + 13926. List the prime factors of r(-10).
2, 11, 421
Suppose 0 = -j + 5*r - 0*r + 16, 8 = -2*r. What are the prime factors of 3 + 3 + j + 419?
421
Let w(i) = 2659*i**2 - 81*i - 153. List the prime factors of w(-2).
5, 2129
Suppose 4064*y - 4078*y + 30646 = 0. What are the prime factors of y?
11, 199
Let k(u) = -184*u**3 + 3*u**2 - 11*u - 7. Let b(h) = -92*h**3 + 2*h**2 - 6*h - 4. Let t(m) = -5*b(m) + 3*k(m). What are the prime factors of t(-1)?
3, 31
Let b(f) be the first derivative of 14*f**2 + 4*f - 1. Let h be b(-3). Let a = h + 135. List the prime factors of a.
5, 11
Let n(h) = -h**2 + 14*h + 33. Suppose -7*z + 3*z - 42 = -2*c, -4*c + 4*z + 72 = 0. What are the prime factors of n(c)?
2, 3
Let w = 87221 + -43760. What are the prime factors of w?
3, 11, 439
Suppose 0 = 2*o + 4*t - 137514, -2*o - t - 78071 + 215579 = 0. List the prime factors of o.
197, 349
Let z(y) = y**3 - 18*y**2 - 35*y - 86. Let a be z(20). Suppose 2*b - 2*q + 3*q + 3 = 0, -b + 4*q = 15. List the prime factors of (-4)/14 + (b - (-2286)/a).
2, 5
Let z be (27/6 - 3)/(42/(-112)). List the prime factors of 1 + 0 - (z + -856).
3, 7, 41
Let v = 27 + 44. Let o(x) = -x**3 + 8*x**2 + 9*x + 2. Let n be o(9). Suppose -r + 4*d + v = 0, 71 = 2*r + n*d - 61. What are the prime factors of r?
67
Suppose -15820 = 117*u - 122*u. What are the prime factors of (-2)/3 - u/(-21)?
2, 3, 5
Let s = 467 - 464. Suppose -5*k + 5 = -4*k, -s*n - 3*k = -2715. What are the prime factors of n?
2, 3, 5
Suppose -18*q + 2266 = 4*q. Suppose -2*f = -q - 165. What are the prime factors of f?
2, 67
Let x be (-5328)/(-252)*21/6. Suppose q - 1162 = -4*a - 4*q, 578 = 2*a + q. Let u = a - x. List the prime factors of u.
2, 107
Suppose 4*k + m + 1406 = 0, -4*m + 3*m - 704 = 2*k. Let r = 664 + k. List the prime factors of r.
313
Let q = -4803 + 22151. What are the prime factors of q?
2, 4337
Let j be (-16280)/(-629) + (-2)/(-17). Suppose 0 = -j*i + 25992 - 44. What are the prime factors of i?
2, 499
Let t(j) be the first derivative of j**4/4 + 5*j**3 + j**2 + 12*j + 17. What are the prime factors of t(-9)?
2, 3, 5
Let s(d) = 2*d**2 - 124*d + 2315. What are the prime factors of s(19)?
3, 227
Let k = 108480 + -58878. List the prime factors of k.
2, 3, 7, 1181
Let q = 104 + -102. Let f = 0 - q. What are the prime factors of (-1 - 258)*f*(-8)/(-16)?
7, 37
Let j(t) = 2657*t**3 - 2*t**2 - 8*t - 7. Let v be j(-1). List the prime factors of 0 + v/(-6) - -2.
5, 89
Suppose 32*z - 126 = 11*z. Suppose z*p = 10*p - 5832. What are the prime factors of p?
2, 3
Suppose -11496 + 33248 = 8*r. Suppose 7*s = -689 + r. Let n = s - 168. List the prime factors of n.
2, 61
Suppose 4*s - 2*j - 41578 = 0, 13*j - 10390 = -s + 18*j. List the prime factors of s.
3, 5, 7, 11
Let p be (-1)/(-4) - (-36511)/116. Let l = -126 + p. What are the prime factors of l?
3, 7
Let o = 107 - 106. What are the prime factors of ((-2)/(-6))/o*459/3?
3, 17
Let n(v) = v**3 + 30*v**2 - 31*v + 46. Let g be n(-31). Let i(w) = -w**3 + 44*w**2 + 104*w + 80. List the prime factors of i(g).
2, 79
Let t(w) = -407*w**3 - 5*w**2 + 4*w + 2. Let h(i) = 407*i**3 + 6*i**2 - 4*i - 3. Let a(r) = -4*h(r) - 5*t(r). List the prime factors of a(1).
2, 7, 29
Suppose -2*c = 10 - 18. Suppose -c*a - 3*g = -35, -4*a + 5*g = -5 - 22. Suppose 0 = a*v + v - 135. What are the prime factors of v?
3, 5
Let w = -36 + 38. Suppose 4*f - 4*n + 28 = 0, -w*f + 7*f = -4*n + 10. What are the prime factors of 1 - 16*(1 